0, 0*h - 5*c - 5555 = -2*h. Suppose 984 + h = 2*s. Is s prime?
False
Is -21*(-34)/(-357)*(2 + (-22847)/2) prime?
False
Let f = 21 - 22. Is (3015 + 2)*(0 - 1)*f composite?
True
Let s(d) = -267*d**3 - 2*d - 1. Let i be s(-1). Let q be 4 - (-11)/(-2) - (-21)/2. Let o = i - q. Is o a composite number?
True
Suppose -5*v + 317882 = y, v + v = 4*y + 127166. Is v a prime number?
True
Suppose -3*m - 67 + 283 = 0. Is (-16)/m - ((-844768)/(-36))/(-8) composite?
True
Let q = -387850 + 610509. Is q a composite number?
False
Let w(x) = -5452*x - 1957. Is w(-42) composite?
False
Suppose 540*t = 539*t + 4*h + 380197, -4*t - 2*h + 1520788 = 0. Is t a prime number?
True
Suppose 157120 + 524491 = 77*o + 106729. Is o prime?
False
Let m = -595 + 310. Is (2/6)/((m/102195)/(-19)) a prime number?
False
Suppose 172597 = w - 10*i, 130*w - 2*i - 690160 = 126*w. Is w prime?
False
Suppose 3*n - 5 = -5*q, -3*n + 3*q + q = -23. Suppose -x - 4*l + 2*l + 4 = 0, 38 = n*x + l. Is 533/2 - (-4)/x prime?
False
Let c = 3574 - -987. Suppose 0 = -8*r + 7*r + c. Is r prime?
True
Let g be ((-15)/(-15))/((-5)/(-1))*15. Suppose -2*j = -3*n - 9502, 0 = g*j + 5*n + 6365 - 20618. Is j a composite number?
False
Suppose -40*z + 56*z = -106*z + 2066802. Is z prime?
False
Let s be 0 - (7 - -5)/(-4)*15. Suppose -16*p + s*p = 374941. Is p a prime number?
False
Suppose -5*y + 596 = -4*d, -5 = -7*d + 2*d. Let b = -702 - -769. Let p = y - b. Is p composite?
False
Suppose -386970 = -5*x + 2*p - 7*p, 2*p + 309576 = 4*x. Let d = -46615 + x. Is d a prime number?
False
Let m be (4 - 1) + (7912 - (1 + -3)). Suppose -20*u + 8863 = -m. Is u a composite number?
False
Suppose -5*f - 2*i - 81465 = -259826, -f + 35704 = 11*i. Is f a composite number?
False
Let p be 36/(-15)*(-110)/88. Suppose p*r - 75*g - 22572 = -78*g, -37602 = -5*r + 4*g. Is r a composite number?
True
Is (-2286585)/(-69) + (-4)/(-46) a prime number?
False
Suppose m - 23980 = 20*i - 17*i, i = 4*m - 95887. Is m a composite number?
False
Suppose -v = 2, -5*v + v + 340 = 4*h. Let n(w) = h - 196 - 23*w + 95. Is n(-15) a prime number?
True
Let l = 65846 + 329583. Is l prime?
True
Let g = 122 - 104. Suppose -155186 + 31652 = -g*a. Is a prime?
True
Let p(k) = 306*k**2 + 232*k - 71. Is p(13) a prime number?
False
Let t(j) = -j**2 - 10*j - 13. Let l be t(-8). Suppose -4*p + 3836 = -l*p. Suppose -2*k = -6*k + p. Is k a prime number?
False
Let u(d) = 4*d**2 - 27*d - 70. Let m be u(-29). Let s = m - 2095. Suppose -2*g + 5*g + s = 5*o, -2 = -2*g. Is o a composite number?
False
Suppose 8*m + p = 178381, 9*m + 22304 = 10*m - 2*p. Is m a prime number?
False
Let h(d) = d**2 - 4*d - 3. Let f be h(10). Suppose -3*c + f = 12. Is 50633/44 + (c/12)/5 a prime number?
True
Let p = 29 + -3. Suppose -522 = p*y - 28*y. Let o = y - 58. Is o prime?
False
Suppose 0 = 5*j - 3*u - 30857, -12346 = -2*j - 0*j - 2*u. Let z = j - 9. Is z prime?
True
Let b = 9470 - -24089. Is b a prime number?
False
Suppose -19988 = -t - 2*p + 10969, 0 = -3*p - 3. Is t a prime number?
False
Suppose -17*q + 20*q - y - 978418 = 0, q + y = 326146. Is q a prime number?
True
Is (-9 - 858/4)*(-284)/6 a prime number?
False
Let o = 16969 - 12248. Is o prime?
True
Suppose -s + w = -31628, -22*s - 4*w - 63270 = -24*s. Is s a composite number?
True
Suppose 13*m + 20 = 9*m. Let f(n) = -63*n + 4. Let q(j) = -63*j + 5. Let v(o) = 3*f(o) - 2*q(o). Is v(m) a composite number?
False
Let c = 172401 - 122746. Is c a prime number?
False
Suppose 3*f + 12 = 0, -4*f - 51 = -2*i + 23. Suppose 0 = 4*w + 3*g - i, -4*w + 4*g + 10 - 2 = 0. Suppose 0 = 2*l + w*y - 118 - 696, 2*y - 407 = -l. Is l prime?
False
Let l = 6615 + -9691. Let y = -1323 - l. Suppose 0 = -3*g + 5*v + y + 963, 0 = g - 2*v - 905. Is g a composite number?
False
Suppose 2*f + 3*r - 147884 = 0, 5*f + 10*r = 4*r + 369707. Is f prime?
True
Let z = -259905 + 3840692. Is z a composite number?
True
Let l = -42 - -69. Let c be 6906/(-27) - 6/l. Let m = c + 479. Is m composite?
False
Suppose -3*m = -6*m - 5*s + 346, -3*s = -3*m + 378. Suppose m*i - 116*i = 9546. Is i prime?
False
Suppose -3*c - 63 = 6*c. Is -4*(5194/8)/c a composite number?
True
Let w(r) = -r**3 - 16*r**2 - 27*r + 6. Let m be w(-19). Let u = m + -911. Is u composite?
False
Let i(m) = 2*m**3 - 46*m**2 + 20*m + 137. Let o be i(23). Let g be 0/2*(-1)/(-2). Suppose g = -5*z - h + o, 5*z - 2*z = -h + 359. Is z prime?
False
Let z(f) = 2627*f**2 - 4*f + 31. Is z(8) composite?
False
Suppose 4*t - 5*d = 15, 2*d = -2*t - t + 17. Suppose -12295 = 62*j - 67*j - g, -3*g = -t*j + 12295. Is j composite?
False
Suppose 28 = 6*j - 2. Suppose j*m - 5*l = 12104 - 619, 0 = -3*m + 5*l + 6891. Suppose -t = -g + 4*t + m, 5*g + 2*t - 11431 = 0. Is g a composite number?
False
Let k(z) = 55*z**3 - 30*z**2 - 42*z - 29. Is k(16) a composite number?
False
Let z(w) = w**2 - w - 1. Let q be z(-2). Suppose -q*f + 3378 = f. Is f a composite number?
False
Suppose 4*z + 2*i = -0*i + 18, 0 = 5*i - 25. Suppose 2451 + 4523 = 4*a - z*j, 0 = 2*j + 10. Is a a prime number?
True
Suppose -3*p + 17 = 4*z - 5, p = -2*z + 10. Suppose -a + 3082 = -i + 628, p*a = 5*i + 4911. Is a a composite number?
True
Let k = -362 + 356. Is (-1)/(k/(-513018)*-3) a composite number?
True
Let a = -265 - -270. Suppose 4*l - 3692 = -4*c, 0 = -5*l + 2*l - a*c + 2773. Is l a composite number?
True
Suppose -48*q + 2546620 = 82*q - 2723450. Is q composite?
True
Suppose -4*h - 2*w + 7*w - 5 = 0, h = -w + 1. Let z be 0 + 0/(4 - h). Is ((-18188)/(-10))/((-6)/(-15) + z) prime?
True
Let s(c) = 56*c**3 + 3*c**2 + 2*c + 3. Let t be (204/153)/(4/6). Is s(t) a composite number?
False
Let h(y) = -y**2 + 10*y. Let a(d) = d**2 - 20*d. Let v(f) = -4*a(f) - 7*h(f). Let n be v(-4). Is (-7348)/n*(-2)/1 a prime number?
False
Let x(t) = 130*t + 19. Let j(f) = f**2 + 5*f - 1. Let a be j(-7). Is x(a) a composite number?
False
Suppose -3*r + 7 = 5*a - 0*a, 5*r + 2*a - 18 = 0. Suppose r*s - 2076 = 8*s. Let q = s + 1132. Is q composite?
False
Let d(r) = -r**3 + 11*r**2 - 9*r + 8. Let l be d(10). Suppose 15*h = l*h - 6. Is (-3 - -7) + -2 + h + 114 composite?
True
Is (-24)/32 + 49/28 + 322070 prime?
False
Let b(f) = 3*f**3 - 182*f**2 - 52*f - 85. Is b(64) a composite number?
False
Suppose -9*b + 7*b - 11*r + 270099 = 0, -r + 540303 = 4*b. Is b a prime number?
True
Let u be (-1541)/(-11) - (-2)/(-22). Is 56/u + (-1)/(10/(-74106)) a composite number?
False
Let p(q) = 37082*q - 3321. Is p(5) prime?
True
Let n(o) = -103*o**3 + 61*o**2 - 16*o - 11. Is n(-7) a prime number?
False
Suppose 2*p = 0, -5*d = -5*p - 0*p - 5095. Let h = 2618 + d. Is h a composite number?
False
Let x be (-6 - (-22)/4)/((-1)/6). Is 1 + (x - 5) + 121 + 1 a composite number?
True
Suppose -2*a - 771011 = -z + 80746, -5*z - 2*a = -4258737. Is z composite?
False
Let a be (-5)/2 + (-871286)/(-124). Let i = a + 2575. Is i composite?
True
Let y be (-33)/(-3) + 14 + -13. Suppose -y*c = -18*c + 4170. Is c a composite number?
True
Is 1*-1 - (-234767 - 319) composite?
True
Let h(x) = -3*x**3 - 7*x**2 - 14*x - 8. Let c be h(-3). Suppose -50*g + c*g = 7286. Is g prime?
True
Suppose -37245 = -3*n + 74766. Is n a composite number?
False
Suppose -13*o - 12 = -9*o. Let a be (o + 11 + -2)*(-4)/(-6). Suppose 3*t + 4*l = 431, 2*l - l = -a*t + 592. Is t prime?
True
Suppose 299*z - 1167555 = 284*z. Is z a composite number?
True
Suppose 0 = 13*v - 15*v + 7*v - 1542065. Is v composite?
True
Let d(s) = 142698*s + 595. Is d(2) a prime number?
False
Suppose -4*r - 2*q = -172 + 48, 2*r = q + 66. Suppose -2*x = 34 - r. Is (2 + 3293)*(x + 2) prime?
False
Suppose 4*d = -5*n - 136917, -4*d - 4*n = -5*d - 34203. Is d/(-25) - 24/(-300) prime?
False
Let g(y) = -y. Let q be g(0). Suppose u + k = -2810, q*k + 2815 = -u + 4*k. Let m = 4740 + u. Is m composite?
True
Let s = 536527 - 295530. Is s prime?
True
Let o(q) = -q**2 + 70*q + 12047. Is o(0) composite?
True
Let r(b) = 132*b**3 - 10*b**2 + 4*b - 1. Let q(u) = -132*u**3 + 10*u**2 - 3*u. Let j(f) = 7*q(f) + 6*r(f). Is j(-3) prime?
False
Is 2/((-1409506)/(-469834) - (-11 - -14)) prime?
True
Let s(q) = 2*q**3 - 12*q - 4. Let x be s(4). Let t be (-2 - 10)*(-1)/3. Suppose 0*n + t*n - x = 0. Is n a prime number?
True
Suppose 120*s - 72465 - 413415 = 0. Is s prime?
True
Is 4/(7 + -7 + 6) - 110378/(-6) a prime 